s the value of -8 - (-4 + 14) - (-7 + 0)?
-11
Evaluate -1 + -2 - (11 + -25) - 7.
4
Evaluate 0 + 3 + (-4 - -4).
3
Calculate 1 + -8 + 4 + (-10 - -8).
-5
0 + 5 + -1 + 6 + -4
6
Evaluate (-2 - 2) + 13 - 2.
7
What is the value of (0 - -11 - 7) + 1 - 5?
0
(1 - 1) + -2 + -2 + 6
2
What is the value of -3 - 1 - (-6 - 2) - 3?
1
Evaluate 2 + (-4 - -1) + 18 + -13.
4
Evaluate (-7 - -4) + 4 - 0.
1
Evaluate -1 + (2 - -3 - 2) + -3.
-1
What is -1 - (0 - 2) - 4?
-3
4 + -7 + 3 + -3
-3
-1 + (10 - -9 - 14)
4
What is the value of 5 + (2 - (3 - 0))?
4
-1 - -5 - (-153 - -156)
1
Evaluate -25 + 28 - (-2 + -2).
7
3 - (2 - (5 + -1))
5
What is the value of -9 + (7 - -2) - 3?
-3
What is -4 - (-8 - -4) - 5?
-5
Evaluate -1 - -2 - (4 - 5 - -2).
0
Evaluate 6 + 13 - (0 + 12).
7
Calculate 9 + 6 + -8 + -6.
1
Evaluate 4 - (2 - -3) - (1 + 3).
-5
What is (-5 - (-3 - 1)) + 0 + -1?
-2
What is the value of 7 + -1 - (-21 + 22)?
5
What is 0 + (5 - (-7 + 20))?
-8
Calculate 71 + -59 - (2 + 5 - -1).
4
What is the value of -2 + (-6 - -5) - 2?
-5
What is -1 - (-14 + 6 - -3)?
4
Evaluate 5 + 0 + -2 + 2.
5
What is the value of -1 - (2 + -1 - (-3 - -6))?
1
What is 0 - (-4 - (-7 + 4 - 1))?
0
Calculate -4 + 3 + -3 - 0.
-4
What is 2 - (-5 + 5 + 13)?
-11
Calculate -4 - (-11 + -4 + 5) - 13.
-7
Calculate 2 + -1 + (7 - 3 - 1).
4
Calculate 4 - ((-15 - -13) + 0 + 3).
3
What is the value of (1 - -2) + -5 + 13 + -12?
-1
65 + -64 + (-7 - -2)
-4
What is the value of 1 + (2 - 6) + (-5 - -4)?
-4
Calculate -1 - -5 - (3 + (-1 - 3)).
5
Calculate -4 + 1 + (-6 - (2 + -6)).
-5
What is the value of -2 + (5 - 2) - 1?
0
What is the value of -4 + 0 + (20 - 14) + 2?
4
Calculate -4 + -1 + -6 - -2.
-9
Evaluate -8 + 21 + 0 + -8.
5
Calculate -5 + -7 + 7 + 10 + -1.
4
Calculate 4 + -8 - (-9 + (2 - -4)).
-1
What is -2 - (13 - 4 - 3)?
-8
Calculate -2 - (-1 - -1) - (35 - 35).
-2
Evaluate 0 + (5 + -4 - -1).
2
Evaluate -12 - -21 - (-5 + 5).
9
-4 + (0 - -13 - 1) + -4
4
What is the value of (1 - 5) + 4 - -1?
1
What is the value of (-3 + 7 - 3) + 1 + -2?
0
What is the value of 21 + -11 - 7 - -3?
6
Calculate 4 + (2 - 2) + (-3 - -5).
6
Evaluate -2 + -3 + 4 + -2 + -1.
-4
What is -2 - 2 - (-74 + 59)?
11
What is the value of (-3 - 0) + 12 + -4?
5
Evaluate (0 - -1) + (9 - (8 + 0)).
2
What is -45 + 41 + 6 + -3?
-1
Evaluate -9 - (11 - 6 - 10).
-4
Calculate -2 + -3 + 3 + -2.
-4
What is the value of -2 + 3 + (-7 - -3) - -7?
4
-4 - (2 + 1) - (-1 - 1)
-5
Calculate (1 - 0) + 1 + -7 + 2.
-3
(-5 - -5) + 7 - (3 - 3)
7
-4 - (-4 + (3 - 3 - 1))
1
Evaluate -2 + (3 - 0) + 2.
3
(-20 - -29) + (-6 - -1) - 2
2
What is the value of (-1 - -6) + -16 + 12?
1
Evaluate -3 + (8 - 0 - 13) - -18.
10
What is the value of -7 + 4 + (2 - 2)?
-3
What is 0 + (-11 - -10) - (7 - -1)?
-9
Evaluate -4 + 3 + 6 - (6 - 1).
0
Calculate (-5 - -1 - (11 + -12)) + 0.
-3
What is the value of 5 - (-70 - -64 - (1 - 4))?
8
Calculate -4 - (-2 + 1 + (-5 - -6)).
-4
Calculate -1 + -1 + 1 + -1 + 1.
-1
0 + -2 - (14 + -13 + -9)
6
Calculate -3 - (-2 - (3 + 0)).
2
Evaluate -8 - (-8 + 6 + -3).
-3
-31 - -42 - (7 + 0 + 1)
3
Calculate (-2 - 5) + 8 - (0 + -4).
5
Evaluate (7 - 10) + -4 - -3.
-4
Calculate 6 + (3 - 3) + -6.
0
What is the value of -2 + -2 + 3 + 2 + 4?
5
What is 2 + -2 - 7 - -3?
-4
What is 2 - -1 - (4 - (-5 - -5))?
-1
(-32 - (-35 + 7)) + (-1 - -9)
4
Calculate -7 + 4 + (0 - -1).
-2
Calculate 0 - -1 - (-4 - 0).
5
What is the value of (2 - 2) + -3 + 1 + 3?
1
Calculate 105 - 111 - (1 - 13).
6
What is the value of (-1 - -1) + 8 - (-3 - -6)?
5
What is the value of 3 - (-6 - -8 - -6) - 4?
-9
What is the value of 8 + -17 + 3 + 0?
-6
What is -13 - (0 + -8) - 0?
-5
What is the value of 4 + (-2 - (5 - -2))?
-5
What is the value of 1 - -1 - (4 + -3)?
1
Calculate -1 + 2 + (-8 - -6 - -2).
1
What is the value of 10 + -2 + -1 + -2?
5
7 - 2 - (-2 - -1)
6
Calculate 0 + -1 - ((-4 - 7) + 10).
0
What is 1 + 2 + (3 - 8)?
-2
Evaluate -10 - (-3 + -1 + 2 - 3).
-5
Calculate 1 + -17 + 8 + 11.
3
What is the value of -7 + 1 + 2 + 0?
-4
Evaluate -2 - -4 - (2 + -6 + 1).
5
2 + 2 - (11 + -22 - -14)
1
Calculate -4 + (3 + 1 + 0 - -2).
2
Calculate 3 + (7 - (13 - -1)).
-4
Calculate -1 + 5 + 0 - (1 - 2).
5
Calculate 3 + -7 + 4 - -1.
1
Evaluate 5 - (2 + -2 + (3 - -4)).
-2
What is the value of -1 - (9 + (6 - 12))?
-4
What is 5 + (-7 - 10) + (4 - -1)?
-7
What is the value of (-4 + 2 - 3 - -1) + 1?
-3
Calculate (-6 + 1 - -4) + 0 + -2.
-3
Evaluate 3 - (3 - 2 - (-3 - -4)).
3
What is -3 + 0 + 2 + 1?
0
What is the value of 7 - (4 + 1 + -1)?
3
What is the value of 3 - (8 - 2) - (1 - 0)?
-4
What is -2 + 6 - (9 + -10) - 2?
3
Evaluate 78 + -80 - (-1 + 2).
-3
Calculate 8 + -13 + 7 + 1 + 2.
5
-6 - -8 - -4 - 3
3
What is the value of -2 + 4 + (-8 - -6)?
0
-3 - (-2 + -1) - (0 - -5)
-5
What is (22 + -22 - -8) + (-1 - -1)?
8
What is the value of -4 - (13 - (-9 - -22))?
-4
Evaluate (-1 - (-2 + 0)) + (1 - -3).
5
Calculate 5 - (2 - 3 - -12).
-6
What is (-5 - -1) + -3 + -2 + 7?
-2
What is the value of -41 + 36 - (-2 - 3)?
0
-5 - -5 - (-1 + 1)
0
What is -11 + -2 + (2 + 6 - 0)?
-5
Calculate -7 + (-7 - (0 - 4)).
-10
Calculate 9 + -9 - ((1 - 2) + -4).
5
What is -23 - (-9 - 1 - 4)?
-9
(14 - (-8 + 29)) + (2 - -10)
5
Evaluate 0 - (-6 + 11 - -4).
-9
Evaluate -1 + -1 + (-14 - -15).
-1
Evaluate -5 + 0 + 12 + -11.
-4
Evaluate 2 + (0 - 7) - (3 - 17).
9
Evaluate (0 - -2 - (-1 + -1)) + -2.
2
What is the value of 81 + -90 + 9 + -1?
-1
(-4 - -1) + -2 + 12 + -4
3
Evaluate -2 + (10 - 0 - (-4 - -4)).
8
What is 4 + (2 + -1 - 3) - 5?
-3
What is -5 - (-7 - -4) - 1?
-3
Evaluate -8 - (-27 + 14 + 6 + 1).
-2
What is the value of 0 - 5 - (-1 + -4 + 2)?
-2
What is the value of -4 - (-6 - -2 - (-25 + 27))?
2
What is -3 - (-7 + -5 - -4)?
5
Calculate -4 - (-13 + (-1 - -8)).
2
What is the value of -7 - (2 - 1) - (-16 - -14)?
-6
(-13 - -7 - (1 + -2)) + 0
-5
3 + -2 + (0 - -5) + -2
4
What is the value of (0 - -16) + (-50 - -42)?
8
What is (-4 + (11 - 5) - -2) + -3?
1
Evaluate (3 - (-4 + 10)) + -7.
-10
Calculate 68 - 66 - (-2 + -3).
7
(-3 - -7 - 4) + 3
3
Evaluate -5 + -1 - (50 + -51).
-5
What is -1 - (-6 - -1 - (-1 - 0))?
3
What is the value of -87 + 85 - (-1 - -2)?
-3
(-1 + 0 - 0) + 1 + 3
3
Calculate -1 + 5 + (0 - 8) + 9.
5
Evaluate -8 - (6 - (11 + 0)).
-3
Evaluate -3 - (3 - 1 - 3) - -3.
1
-6 + (-13 - -13 - (-6 + 1))
-1
What is the value of (2 - 8) + 1 - -7 - -4?
6
Calculate 3 - -2 - 4 - (1 - 2).
2
Calculate -3 + (39 - 32) + (-4 - -1).
1
What is the value of 21 + -24 + -2 + 0?
-5
What is the value of 0 + -8 + 17 + -3?
6
Evaluate -2 + (1 - 2) + 5.
2
What is 3 + 0 + -5 + 8 + 0?
6
What is 5 + (-6 + 4 - 6)?
-3
What is the value of -4 - (-4 + -3) - 3?
0
What is the value of 3 - (-2 - 0 - (12 - 12))?
5
Calculate -9 - (-12 + (11 - 13)).
5
What is the value of 10 - 12 - (-1 - -4)?
-5
What is the value of -4 - (0 + (3 - 7))?
0
Evaluate 0 - (-1 - -3 - 10).
8
What is the value of -3 + (-10 - -4 - -13)?
4
Evaluate 2 + -2 + 1 - 5.
-4
Calculate -4 - (-2 + 3 + -3).
-2
Calculate (-12 - -12) + (3 - 0).
3
What is -4 - 4 - (-2 + 0 - 1)?
-5
What is -11 + 0 + (-5 - -13)?
-3
What is the value of -7 + (7 - (-4 - -6)) + 4?
2
Calculate -7 + (19 - (6 + -2 - -1)).
7
What is (-2 - (4 + -6)) + 3 - -1?
4
What is the value of -2 - 5 - (-17 + 9)?
1
Calculate (7 - (10 - 6) - 6) + 1.
-2
What is 0 + 5 + (79 - 84)?
0
Evaluate -3 + 7 + (4 - (2 - -3)).
3
51 + -50 + -6 + 0
-5
What is -7 - -6 - (-3 - -1)?
1
-2 + 5 + (7 - 3)
7
What is the value of 4 + 2 + -2 + (0 - 0)?
4
Evaluate -2 - (-6 - (-2 + 5 + -7)).
0
Calculate (2 - (0 - 5 - -7)) + -5.
-5
What is the value of -3 + 3 - (10 - 4 - 2)?
-4
Evaluate -1 - (-7 + 10) - -3 - -3.
2
Calculate -6 + (-7 - -1 - -2) - -5.
-5
Evaluate -10 - -3 - -4 - (-10 + 1).
6
Evaluate (-7 + 6 - (0 + 5)) + 2.
-4
Calculate (2 - 5 - -1) + -2 + 4.
0
Evaluate (2 - -4 - 0) + 47 + -60.
-7
(-8 - -1) + (21 - 10)
4
Evaluate -14 - (7 - (-3 + (7 - -7))).
-10
What is the value of 0 + -3 + -11 + 22 + -6?
2
Evaluate -6 + 2 + (-5 - -5).
-4
Calculate 14 + (-2 - (-8 + 12)).
8
(-29 - -26) + (5 - 2)
0
What is the value of (-7 - -7) + (0 - 1) - -2?
1
What is the value of -5 + (-6 - -5) + (2 - -2)?
-2
What is (0 + 6 - 6) + 1 + -2?
-1
Calculate -1 + (0 + -4 - (0 + -4)).
-1
Calculate 1 + -4 + 0 + (2 - -6).
5
Calculate -1 + (-20 - -1) + 13.
-7
Calculate 5 + -3 + 3 + -5 + 1.
1
-4 + (-2 + 12 - 6)
0
What is the value of -6 